1. Let j be u(-8). Let w be 1*(j + 4)*-1. Let y = w + 8. What is the units digit of y?
7
Let b(r) = -r**3 + 6*r**2 - 3*r - 6. Let h be b(5). Let x be 0/1 + (1 - -1). Let i = h - x. What is the units digit of i?
2
Let t = -50 - 32. Let b = 118 + t. What is the tens digit of b?
3
Suppose 2*g = 4*i + 4, -6*i + 20 = 4*g - 2*i. Suppose -b - 12 = -4*b + g*d, 4*b - 2*d - 16 = 0. What is the units digit of b?
4
Suppose -3*f = f. Let m = 0 + f. Suppose 3*k - 3*a - 15 = 0, m*k = 3*k - 2*a - 17. What is the units digit of k?
7
Let k(s) = -s + 2. Let p be k(5). What is the units digit of ((-38)/(-6))/(-1)*p?
9
Let a(v) = 11*v - 1. Let w be a(1). Suppose -5*c + w = -3*c. Suppose -25 = -c*d + 10. What is the units digit of d?
7
Let w = 14 + 13. What is the tens digit of 51/w*3*3?
1
Let u = -2 + 2. Suppose 2*v + 5*a + 23 = -u*v, 3*v - 3*a = 18. Suppose 0 = m - v. What is the units digit of m?
1
Suppose 5*y - 3*v - 50 = 0, 3*y + 0*v - 6 = -3*v. Let o = 11 - y. Let b(s) = s. What is the units digit of b(o)?
4
Let h(u) be the second derivative of -u**4/12 - 4*u**3/3 - 3*u**2/2 + 3*u. Let q be h(-9). What is the units digit of (-2)/q - (-34)/12?
3
What is the units digit of (-34)/(-51)*(-108)/(-2)?
6
Suppose -14*m = -4*m - 2150. What is the tens digit of m?
1
Suppose 4*m = 2 + 6. Let v be 2 + 0/m - 0. Suppose -7 - v = -s. What is the units digit of s?
9
Let p(t) = t**2 - 3*t + 2. Let k be p(3). Suppose -3*d - k = -14. Suppose 0 = 2*v + d*g - 28, 2*g + 0*g = 4*v - 46. What is the tens digit of v?
1
What is the units digit of 2/(-13) + (-1094)/(-13)?
4
Let l = -16 - -16. Suppose -4*y + 0*y + 76 = l. What is the tens digit of y?
1
Let y(m) = 2*m + 2. Let p be y(-3). Let r = p - -6. What is the units digit of 0 + r + (-6)/(-3)?
4
Let x = 9 + 4. What is the tens digit of x?
1
Suppose 2*p + 9 = 5*p. Suppose -p*g + 80 = 2*g. What is the units digit of g?
6
Let h = 9 - 85. Let w = h + 112. What is the tens digit of w?
3
Let x(s) = s**3 + 8*s**2 + 4*s - 9. Let o be x(-7). Suppose v - 3 - o = 0. What is the units digit of v?
5
What is the units digit of -9*(-2 - (2 - 18/(-2)))?
7
Let i be (-10)/(-4)*(9 + -1). Let z be (-3)/(4/3 + -1). Let s = z + i. What is the units digit of s?
1
Let f(b) = 9*b**2 - b. Let s be f(1). Suppose -3*r + 26 = s. What is the units digit of r?
6
Suppose 23 - 179 = -3*d. Let m = d + -25. Suppose 4*c - m - 27 = w, 0 = 4*c - 2*w - 56. What is the tens digit of c?
1
Suppose 4*n + 3 = 2*n - 3*h, -n + 3*h + 3 = 0. Let q = 10 + n. What is the tens digit of q?
1
Suppose -11 = 3*h - 4*q + 18, -4*q = h - 17. Let i = -1 - h. Suppose z - 4 = -i. What is the units digit of z?
2
Let g = -5 - -5. Suppose 2*p - 2 - 14 = g. Let t = p - 6. What is the units digit of t?
2
What is the units digit of 2/(-4) + 14/4?
3
Let d(k) = 2*k**3 - 4*k**2 + 5*k - 12. What is the units digit of d(3)?
1
Let a(h) = -h**3 + 15*h**2 + 41*h - 23. What is the tens digit of a(17)?
9
Suppose -10*n - 72 = -13*n. What is the tens digit of n?
2
Let s(w) = w**3 - 5*w**2 + 5*w - 8. What is the units digit of s(5)?
7
Suppose 3*u - 184 - 155 = 0. What is the units digit of u?
3
Suppose -3*c = -5*h - 94, -2*c = -2*h - h - 63. What is the tens digit of c?
3
Suppose 3 = t + 2. Let b(f) = 17*f - 1. What is the units digit of b(t)?
6
Suppose 5*y - 5*z - 10 = -0, 0 = -2*y + 5*z - 8. Let x be ((-2)/(-5))/(2/(-30)). What is the units digit of 3*(-1)/x*y?
3
Let c = -11 - -15. Let x be -2*2*(-3)/c. Suppose -4*o = -x*o - 7. What is the units digit of o?
7
Let l(y) be the third derivative of 0*y + 5/6*y**3 - 1/12*y**5 + 0 + 0*y**4 + y**2 - 1/120*y**6. What is the units digit of l(-5)?
5
Suppose 21 = h - 44. What is the tens digit of h?
6
Suppose 5 = -5*o - 5*m, 0 = m + 9 - 4. What is the tens digit of (o + 0)/((-2)/(-11))?
2
Suppose -2*r + 3 = r. What is the units digit of r?
1
Let r be (-10)/(-4) + 4/(-8). Let j = 3 + r. What is the units digit of j?
5
Suppose -4*t = -5*c + 14, 4*t + 4 = c - 2. Suppose 6*j - j + c*l = 62, 4*j + 2*l - 48 = 0. What is the tens digit of j?
1
Let x(f) = 33*f + 4. What is the hundreds digit of x(5)?
1
Let c be (1 - 7)/((-30)/15). Suppose -b + 128 = c*b. What is the tens digit of b?
3
Let h be 9/6*(-16)/6. Let x = -22 - -12. Let v = h - x. What is the units digit of v?
6
Suppose 0 = -5*f - 5*v - 0*v + 220, -4*v = 3*f - 134. What is the units digit of 1358/f + (-2)/6?
2
Let u = 387 - 101. What is the tens digit of u?
8
What is the units digit of 122/(-6)*(-4 - -1)?
1
Let q be -2*(27/(-6) + 2). Suppose 6*u = u - 2*z + 52, u - q*z - 32 = 0. What is the units digit of u?
2
Suppose 0 = r - 3*r. Let d(m) = r + 2*m + 2 - 1. What is the units digit of d(1)?
3
Let p be ((-2)/(-3))/(4/(-6)). Let q be 1 + p/1*1. Suppose 2*b + q*b = 22. What is the tens digit of b?
1
Let d be 1/(-2) + 2/(-4). Let q be 3 + -1 + (-1 - d). Suppose -q*h = r - 5*h + 8, 5*h - 4 = 3*r. What is the units digit of r?
7
Let a = 11 + -5. What is the units digit of a?
6
Suppose 3*v = -3*f + 9, -4*v = -3*f + 2 - 7. Let r = -1 - -8. What is the units digit of (r/v)/(2/8)?
4
Let y be ((-16)/24)/(4/(-54)). Suppose f + y = 4*f. What is the units digit of f?
3
Let p(z) = 4*z**2 - 2 - 4 + 3 + 4. Let f be p(1). Suppose -8 = -r + f*u + 8, 4*r + 2*u = 42. What is the units digit of r?
1
Let i(h) = h**3 + 10*h**2 + h - 12. Let r be i(-10). Let l = r - -36. Suppose 0 = -s + 4*f + 21, -4*s + 3*f - l = -46. What is the units digit of s?
5
Suppose -k + 66 + 21 = 0. What is the units digit of k?
7
Suppose -i = 4*s + 3, -3*i - 2*i = 3*s - 19. Suppose -i*b + 21 = -69. What is the units digit of b?
8
Suppose -f + 4*w + 3 = 0, 2*w - 29 - 50 = -3*f. What is the units digit of f?
3
Let o(x) = -6*x**3 + x**2 + 4*x + 1. What is the units digit of o(-2)?
5
Let v(f) = 5*f**2 + 4*f - 6. What is the tens digit of v(2)?
2
Let f(z) = z**2 - 10*z - 11. Let l be f(11). Suppose -v + 11 + 2 = d, l = 5*v - 3*d - 57. What is the tens digit of v?
1
Let s(o) be the third derivative of o**5/60 - o**4/6 + o**3/6 + 2*o**2. Let l(y) = y - 3. Let t be l(7). What is the units digit of s(t)?
1
Let a(l) = l**2 - 3*l - 4. Let b be (3 + -1 + 2)*1. Let i be a(b). Suppose -m + 2*m - 14 = i. What is the tens digit of m?
1
Let t(p) = -5*p**2 + 2*p**3 + 2 + p + 4*p**2 - p**3. Let s(m) = m**3 - m**2 - 2*m. Let q be s(2). What is the units digit of t(q)?
2
Let n(g) be the second derivative of g**3/6 - 3*g**2/2 + 2*g. What is the units digit of n(10)?
7
Let u(h) = 0*h + h + 0*h - 1. Let p be u(-2). Let y = p - -6. What is the units digit of y?
3
Suppose 0 = -5*s - 57 + 232. What is the units digit of s?
5
Suppose 0 = -q - 3*k + 244, -5*q - 2*k + 1233 = 78. What is the units digit of q?
9
Let k = 458 + -141. What is the units digit of k?
7
Let s(u) = 2*u - 5. Let y be s(-8). Let v = 29 + y. What is the units digit of v?
8
Suppose 2*r - 181 - 37 = 0. What is the tens digit of r?
0
Suppose h + 12 = -7. Suppose 0 = -3*s - 0*s + 3. What is the units digit of h/(-2) - s/2?
9
Suppose 0 = -0*x - 5*x. Let h = 3 + x. Suppose 5*f - 24 = 4*i + 36, h*i = -5*f + 95. What is the units digit of f?
6
Let g = 0 + 9. Let t = -6 + g. Suppose -2*j - 4*y + 9 = -t*j, 5*y = -3*j + 24. What is the units digit of j?
3
Let m(c) = -c**3 + 5*c**2 + 2*c - 6. Let w be m(4). Let i = w + -6. What is the units digit of i?
2
Let h(s) = s. Let t(n) = -n + 5. Let v(u) = -u + 4. Let c(y) = -4*t(y) + 5*v(y). Let a(g) = -6*c(g) - 5*h(g). What is the units digit of a(6)?
6
Let q be (-9)/(-4) + 1/(-4). Suppose -q = -k - 0. Suppose 40 = -0*r + k*r + 5*p, -2*r + 40 = -3*p. What is the units digit of r?
0
Let c(t) = -t**3 - 2*t + 3. Let m be c(-5). Suppose 3*n + 3*u - m = -n, -2*n - 4*u + 64 = 0. Let q = n + -21. What is the units digit of q?
5
Let l(v) = 3*v - 9. Suppose 33 = 3*u - 2*n, -2*u - 5*n = -2 - 1. What is the units digit of l(u)?
8
Let w = 8 + -19. Let z = 7 + w. Let l = 5 + z. What is the units digit of l?
1
Suppose 297 + 9 = 3*k - 4*d, 2*k = d + 204. What is the units digit of k?
2
Let p = 8 + -4. Let z = p + -1. What is the units digit of z?
3
Suppose -3*r + 7 = 4*f - 5, -4*f + 5*r = 20. Let l be (32/(-6))/(-4)*18. Suppose 3*q + q - l = f. What is the units digit of q?
6
Let d(b) = -b + 16. Let n be d(12). Suppose -n*l = -10 - 2. What is the units digit of (48/9)/(2/l)?
8
Let z(a) = 48*a - 2. Supp